{"id":943,"date":"2025-04-07T10:22:05","date_gmt":"2025-04-07T08:22:05","guid":{"rendered":"https:\/\/lcendamo.aristeecampus.org\/?page_id=943"},"modified":"2025-04-07T10:22:06","modified_gmt":"2025-04-07T08:22:06","slug":"installation-dun-glpi","status":"publish","type":"page","link":"http:\/\/lcendamo.aristeecampus.org\/index.php\/installation-dun-glpi\/","title":{"rendered":"Installation d&rsquo;un GLPI"},"content":{"rendered":"<p>GLPI<\/p>\n<p>Il faut tout d\u2019abord disposer d\u2019une machine linux avec un socle \u00ab\u00a0LAMP\u00a0\u00bb, qui correspond \u00e0 un serveur avec un serveur Web, PHP et une base donn\u00e9e avant de lancer l\u2019installation de GPLI\u00a0:<\/p>\n<p>Passer en root\u00a0:<\/p>\n<p>Su \u2013<\/p>\n<p><img loading=\"lazy\" decoding=\"async\" width=\"188\" height=\"58\" alt=\"Une image contenant texte, Police, capture d\u2019\u00e9cran\n\nDescription g\u00e9n\u00e9r\u00e9e automatiquement\" src=\"http:\/\/lcendamo.aristeecampus.org\/wp-content\/uploads\/2025\/04\/une-image-contenant-texte-police-capture-decran.png\" class=\"wp-image-944\" \/><\/p>\n<p>Puis mettre la liste des\u00a0paquets\u00a0et les paquets \u00e0 jour\u00a0:<\/p>\n<p>apt-get update &amp;&amp; apt-get upgrade<\/p>\n<p><img loading=\"lazy\" decoding=\"async\" width=\"620\" height=\"185\" alt=\"Une image contenant texte, capture d\u2019\u00e9cran, Police\n\nDescription g\u00e9n\u00e9r\u00e9e automatiquement\" src=\"http:\/\/lcendamo.aristeecampus.org\/wp-content\/uploads\/2025\/04\/une-image-contenant-texte-capture-decran-police-4.png\" class=\"wp-image-945\" srcset=\"http:\/\/lcendamo.aristeecampus.org\/wp-content\/uploads\/2025\/04\/une-image-contenant-texte-capture-decran-police-4.png 620w, http:\/\/lcendamo.aristeecampus.org\/wp-content\/uploads\/2025\/04\/une-image-contenant-texte-capture-decran-police-4-300x90.png 300w\" sizes=\"(max-width: 620px) 100vw, 620px\" \/><\/p>\n<p>Puis Installer\u00a0Apache2\u00a0:<\/p>\n<p>apt-get install apache2 php libapache2-mod-php<\/p>\n<p><img loading=\"lazy\" decoding=\"async\" width=\"875\" height=\"698\" alt=\"Une image contenant texte, capture d\u2019\u00e9cran\n\nDescription g\u00e9n\u00e9r\u00e9e automatiquement\" src=\"http:\/\/lcendamo.aristeecampus.org\/wp-content\/uploads\/2025\/04\/une-image-contenant-texte-capture-decran-descri.png\" class=\"wp-image-946\" srcset=\"http:\/\/lcendamo.aristeecampus.org\/wp-content\/uploads\/2025\/04\/une-image-contenant-texte-capture-decran-descri.png 875w, http:\/\/lcendamo.aristeecampus.org\/wp-content\/uploads\/2025\/04\/une-image-contenant-texte-capture-decran-descri-300x239.png 300w, http:\/\/lcendamo.aristeecampus.org\/wp-content\/uploads\/2025\/04\/une-image-contenant-texte-capture-decran-descri-768x613.png 768w\" sizes=\"(max-width: 875px) 100vw, 875px\" \/><\/p>\n<p>Puis Installer\u00a0PHP\u00a0:<\/p>\n<p>apt-get install php-imap php-ldap php-curl php-xmlrpc php-gd php-mysql php-cas<\/p>\n<p><img loading=\"lazy\" decoding=\"async\" width=\"786\" height=\"209\" alt=\"Une image contenant texte, capture d\u2019\u00e9cran, Police\n\nDescription g\u00e9n\u00e9r\u00e9e automatiquement\" src=\"http:\/\/lcendamo.aristeecampus.org\/wp-content\/uploads\/2025\/04\/une-image-contenant-texte-capture-decran-police-5.png\" class=\"wp-image-947\" srcset=\"http:\/\/lcendamo.aristeecampus.org\/wp-content\/uploads\/2025\/04\/une-image-contenant-texte-capture-decran-police-5.png 786w, http:\/\/lcendamo.aristeecampus.org\/wp-content\/uploads\/2025\/04\/une-image-contenant-texte-capture-decran-police-5-300x80.png 300w, http:\/\/lcendamo.aristeecampus.org\/wp-content\/uploads\/2025\/04\/une-image-contenant-texte-capture-decran-police-5-768x204.png 768w\" sizes=\"(max-width: 786px) 100vw, 786px\" \/><\/p>\n<p>Ensuite, Installer\u00a0MariaDB\u00a0:<\/p>\n<p>apt-get install mariadb-server<\/p>\n<p><img loading=\"lazy\" decoding=\"async\" width=\"551\" height=\"474\" alt=\"Une image contenant texte, capture d\u2019\u00e9cran\n\nDescription g\u00e9n\u00e9r\u00e9e automatiquement\" src=\"http:\/\/lcendamo.aristeecampus.org\/wp-content\/uploads\/2025\/04\/une-image-contenant-texte-capture-decran-descri-1.png\" class=\"wp-image-948\" srcset=\"http:\/\/lcendamo.aristeecampus.org\/wp-content\/uploads\/2025\/04\/une-image-contenant-texte-capture-decran-descri-1.png 551w, http:\/\/lcendamo.aristeecampus.org\/wp-content\/uploads\/2025\/04\/une-image-contenant-texte-capture-decran-descri-1-300x258.png 300w\" sizes=\"(max-width: 551px) 100vw, 551px\" \/><\/p>\n<p>Puis\u00a0:<\/p>\n<p>mysql_secure_installation<\/p>\n<p>R\u00e9pondre \u201cY\u201d \u00e0 toutes les questions<\/p>\n<p><img loading=\"lazy\" decoding=\"async\" width=\"562\" height=\"130\" alt=\"Une image contenant capture d\u2019\u00e9cran, texte, Police\n\nDescription g\u00e9n\u00e9r\u00e9e automatiquement\" src=\"http:\/\/lcendamo.aristeecampus.org\/wp-content\/uploads\/2025\/04\/une-image-contenant-capture-decran-texte-police.png\" class=\"wp-image-949\" srcset=\"http:\/\/lcendamo.aristeecampus.org\/wp-content\/uploads\/2025\/04\/une-image-contenant-capture-decran-texte-police.png 562w, http:\/\/lcendamo.aristeecampus.org\/wp-content\/uploads\/2025\/04\/une-image-contenant-capture-decran-texte-police-300x69.png 300w\" sizes=\"(max-width: 562px) 100vw, 562px\" \/><\/p>\n<p>Puis Installer les\u00a0modules pour le bon fonctionnement de GLPI :<\/p>\n<p>apt-get install apcupsd php-apcu<\/p>\n<p><img loading=\"lazy\" decoding=\"async\" width=\"799\" height=\"209\" alt=\"Une image contenant texte, capture d\u2019\u00e9cran, Police\n\nDescription g\u00e9n\u00e9r\u00e9e automatiquement\" src=\"http:\/\/lcendamo.aristeecampus.org\/wp-content\/uploads\/2025\/04\/une-image-contenant-texte-capture-decran-police-6.png\" class=\"wp-image-950\" srcset=\"http:\/\/lcendamo.aristeecampus.org\/wp-content\/uploads\/2025\/04\/une-image-contenant-texte-capture-decran-police-6.png 799w, http:\/\/lcendamo.aristeecampus.org\/wp-content\/uploads\/2025\/04\/une-image-contenant-texte-capture-decran-police-6-300x78.png 300w, http:\/\/lcendamo.aristeecampus.org\/wp-content\/uploads\/2025\/04\/une-image-contenant-texte-capture-decran-police-6-768x201.png 768w\" sizes=\"(max-width: 799px) 100vw, 799px\" \/><\/p>\n<p>Il faut maintenant cr\u00e9er la\u00a0base de donn\u00e9es\u00a0qui nous permettra ensuite d\u2019installer GLPI :<\/p>\n<p>mysql -u root -p<\/p>\n<p>Puis<\/p>\n<p>create database glpidb;<\/p>\n<p>grant all privileges on glpidb.* to glpiuser@localhost identified by \u00ab\u00a0le mot de passe\u00a0\u00bb;<\/p>\n<p>quit<\/p>\n<p><img loading=\"lazy\" decoding=\"async\" width=\"729\" height=\"132\" alt=\"Une image contenant texte, capture d\u2019\u00e9cran, Police\n\nDescription g\u00e9n\u00e9r\u00e9e automatiquement\" src=\"http:\/\/lcendamo.aristeecampus.org\/wp-content\/uploads\/2025\/04\/une-image-contenant-texte-capture-decran-police-7.png\" class=\"wp-image-951\" srcset=\"http:\/\/lcendamo.aristeecampus.org\/wp-content\/uploads\/2025\/04\/une-image-contenant-texte-capture-decran-police-7.png 729w, http:\/\/lcendamo.aristeecampus.org\/wp-content\/uploads\/2025\/04\/une-image-contenant-texte-capture-decran-police-7-300x54.png 300w\" sizes=\"(max-width: 729px) 100vw, 729px\" \/><\/p>\n<p>Le socle LAMP est pr\u00eat, nous allons pouvoir installer GLPI\u00a0:<\/p>\n<p>Utiliser ses trois commander pour t\u00e9l\u00e9charger et installer GLPI<\/p>\n<p>cd \/tmp<\/p>\n<p>wget <a href=\"https:\/\/github.com\/glpi-project\/glpi\/releases\/download\/10.0.10\/glpi-10.0.10.tgz\">https:\/\/github.com\/glpi-project\/glpi\/releases\/download\/10.0.10\/glpi-10.0.10.tgz<\/a><\/p>\n<p>tar -xzvf glpi-10.0.10.tgz -C \/var\/www\/<\/p>\n<p>Ensuite, une fois que l\u2019on aura t\u00e9l\u00e9charg\u00e9 et d\u00e9compress\u00e9 ces derniers,\u00a0nous attribuons les droits\u00a0au serveur LAMP d\u2019agir sur les fichiers, et nous pourrons encha\u00eener sur l\u2019installation graphique. Pour cela, entrez la commande suivante :<\/p>\n<p>chown -R www-data \/var\/www\/glpi\/<\/p>\n<p>Il faut maintenant se rendre sur l\u2019interface web, en tapant l\u2019ip du server\/glpi sur le navigateur\u00a0et cliquer sur installer<\/p>\n<p><img loading=\"lazy\" decoding=\"async\" width=\"795\" height=\"336\" alt=\"Une image contenant texte, capture d\u2019\u00e9cran, Police, logiciel\n\nDescription g\u00e9n\u00e9r\u00e9e automatiquement\" src=\"http:\/\/lcendamo.aristeecampus.org\/wp-content\/uploads\/2025\/04\/une-image-contenant-texte-capture-decran-police-8.png\" class=\"wp-image-952\" srcset=\"http:\/\/lcendamo.aristeecampus.org\/wp-content\/uploads\/2025\/04\/une-image-contenant-texte-capture-decran-police-8.png 795w, http:\/\/lcendamo.aristeecampus.org\/wp-content\/uploads\/2025\/04\/une-image-contenant-texte-capture-decran-police-8-300x127.png 300w, http:\/\/lcendamo.aristeecampus.org\/wp-content\/uploads\/2025\/04\/une-image-contenant-texte-capture-decran-police-8-768x325.png 768w\" sizes=\"(max-width: 795px) 100vw, 795px\" \/><\/p>\n<p>L\u2019installation se lance avec une v\u00e9rification\u00a0:<\/p>\n<p><img loading=\"lazy\" decoding=\"async\" width=\"758\" height=\"379\" alt=\"Une image contenant texte, capture d\u2019\u00e9cran, nombre, Police\n\nDescription g\u00e9n\u00e9r\u00e9e automatiquement\" src=\"http:\/\/lcendamo.aristeecampus.org\/wp-content\/uploads\/2025\/04\/une-image-contenant-texte-capture-decran-nombre.png\" class=\"wp-image-953\" srcset=\"http:\/\/lcendamo.aristeecampus.org\/wp-content\/uploads\/2025\/04\/une-image-contenant-texte-capture-decran-nombre.png 758w, http:\/\/lcendamo.aristeecampus.org\/wp-content\/uploads\/2025\/04\/une-image-contenant-texte-capture-decran-nombre-300x150.png 300w\" sizes=\"(max-width: 758px) 100vw, 758px\" \/><\/p>\n<p>Il faudra ensuite rentrer les indentifiants de la base de donn\u00e9es<\/p>\n<p>Puis continuer<\/p>\n<p><img loading=\"lazy\" decoding=\"async\" width=\"778\" height=\"262\" alt=\"Une image contenant texte, capture d\u2019\u00e9cran, Police, Marque\n\nDescription g\u00e9n\u00e9r\u00e9e automatiquement\" src=\"http:\/\/lcendamo.aristeecampus.org\/wp-content\/uploads\/2025\/04\/une-image-contenant-texte-capture-decran-police-9.png\" class=\"wp-image-954\" srcset=\"http:\/\/lcendamo.aristeecampus.org\/wp-content\/uploads\/2025\/04\/une-image-contenant-texte-capture-decran-police-9.png 778w, http:\/\/lcendamo.aristeecampus.org\/wp-content\/uploads\/2025\/04\/une-image-contenant-texte-capture-decran-police-9-300x101.png 300w, http:\/\/lcendamo.aristeecampus.org\/wp-content\/uploads\/2025\/04\/une-image-contenant-texte-capture-decran-police-9-768x259.png 768w\" sizes=\"(max-width: 778px) 100vw, 778px\" \/><\/p>\n<p>Nous allons pouvoir nous connecter\u00a0:<\/p>\n<p><img loading=\"lazy\" decoding=\"async\" width=\"479\" height=\"654\" alt=\"Une image contenant texte, capture d\u2019\u00e9cran, Police, nombre\n\nDescription g\u00e9n\u00e9r\u00e9e automatiquement\" src=\"http:\/\/lcendamo.aristeecampus.org\/wp-content\/uploads\/2025\/04\/une-image-contenant-texte-capture-decran-police-10.png\" class=\"wp-image-955\" srcset=\"http:\/\/lcendamo.aristeecampus.org\/wp-content\/uploads\/2025\/04\/une-image-contenant-texte-capture-decran-police-10.png 479w, http:\/\/lcendamo.aristeecampus.org\/wp-content\/uploads\/2025\/04\/une-image-contenant-texte-capture-decran-police-10-220x300.png 220w\" sizes=\"(max-width: 479px) 100vw, 479px\" \/><\/p>\n<p>Nous voici sur la page d\u2019accueil de GLPI,<\/p>\n<p>Nous allons pouvoir utiliser le logiciel.<\/p>\n<p><img loading=\"lazy\" decoding=\"async\" width=\"860\" height=\"479\" alt=\"Une image contenant texte, logiciel, Page web, Ic\u00f4ne d\u2019ordinateur\n\nDescription g\u00e9n\u00e9r\u00e9e automatiquement\" src=\"http:\/\/lcendamo.aristeecampus.org\/wp-content\/uploads\/2025\/04\/une-image-contenant-texte-logiciel-page-web-ico.png\" class=\"wp-image-956\" srcset=\"http:\/\/lcendamo.aristeecampus.org\/wp-content\/uploads\/2025\/04\/une-image-contenant-texte-logiciel-page-web-ico.png 860w, http:\/\/lcendamo.aristeecampus.org\/wp-content\/uploads\/2025\/04\/une-image-contenant-texte-logiciel-page-web-ico-300x167.png 300w, http:\/\/lcendamo.aristeecampus.org\/wp-content\/uploads\/2025\/04\/une-image-contenant-texte-logiciel-page-web-ico-768x428.png 768w\" sizes=\"(max-width: 860px) 100vw, 860px\" \/><\/p>\n","protected":false},"excerpt":{"rendered":"<p>GLPI Il faut tout d\u2019abord disposer d\u2019une machine linux avec un socle \u00ab\u00a0LAMP\u00a0\u00bb, qui correspond \u00e0 un serveur avec un serveur Web, PHP et une base donn\u00e9e avant de lancer l\u2019installation de GPLI\u00a0: Passer en root\u00a0: Su \u2013 Puis mettre la liste des\u00a0paquets\u00a0et les paquets \u00e0 jour\u00a0: apt-get update &amp;&amp; apt-get upgrade Puis Installer\u00a0Apache2\u00a0: apt-get [&hellip;]<\/p>\n","protected":false},"author":1,"featured_media":0,"parent":0,"menu_order":0,"comment_status":"closed","ping_status":"closed","template":"","meta":{"saved_in_kubio":false,"footnotes":""},"class_list":["post-943","page","type-page","status-publish","hentry"],"kubio_ai_page_context":{"short_desc":"","purpose":"general"},"_links":{"self":[{"href":"http:\/\/lcendamo.aristeecampus.org\/index.php\/wp-json\/wp\/v2\/pages\/943","targetHints":{"allow":["GET"]}}],"collection":[{"href":"http:\/\/lcendamo.aristeecampus.org\/index.php\/wp-json\/wp\/v2\/pages"}],"about":[{"href":"http:\/\/lcendamo.aristeecampus.org\/index.php\/wp-json\/wp\/v2\/types\/page"}],"author":[{"embeddable":true,"href":"http:\/\/lcendamo.aristeecampus.org\/index.php\/wp-json\/wp\/v2\/users\/1"}],"replies":[{"embeddable":true,"href":"http:\/\/lcendamo.aristeecampus.org\/index.php\/wp-json\/wp\/v2\/comments?post=943"}],"version-history":[{"count":1,"href":"http:\/\/lcendamo.aristeecampus.org\/index.php\/wp-json\/wp\/v2\/pages\/943\/revisions"}],"predecessor-version":[{"id":957,"href":"http:\/\/lcendamo.aristeecampus.org\/index.php\/wp-json\/wp\/v2\/pages\/943\/revisions\/957"}],"wp:attachment":[{"href":"http:\/\/lcendamo.aristeecampus.org\/index.php\/wp-json\/wp\/v2\/media?parent=943"}],"curies":[{"name":"wp","href":"https:\/\/api.w.org\/{rel}","templated":true}]}}