{"id":910,"date":"2025-04-07T10:16:24","date_gmt":"2025-04-07T08:16:24","guid":{"rendered":"https:\/\/lcendamo.aristeecampus.org\/?page_id=910"},"modified":"2025-04-07T10:16:25","modified_gmt":"2025-04-07T08:16:25","slug":"installation-dune-machine-windows-10","status":"publish","type":"page","link":"http:\/\/lcendamo.aristeecampus.org\/index.php\/installation-dune-machine-windows-10\/","title":{"rendered":"Installation d&rsquo;une machine windows 10"},"content":{"rendered":"<h1>Installation d\u2019une machine Windows 10<\/h1>\n<p>Pour installer une machine Windows 10, il faut tout d\u2019abord booter sur un CD ou une Cl\u00e9 usb contenant l\u2019image de Windows 10.<\/p>\n<p>Puis selectionner la langue que nous voulons\u00a0:<\/p>\n<p><img loading=\"lazy\" decoding=\"async\" width=\"1024\" height=\"677\" class=\"wp-image-911\" src=\"http:\/\/lcendamo.aristeecampus.org\/wp-content\/uploads\/2025\/04\/word-image-910-1.png\" srcset=\"http:\/\/lcendamo.aristeecampus.org\/wp-content\/uploads\/2025\/04\/word-image-910-1.png 1024w, http:\/\/lcendamo.aristeecampus.org\/wp-content\/uploads\/2025\/04\/word-image-910-1-300x198.png 300w, http:\/\/lcendamo.aristeecampus.org\/wp-content\/uploads\/2025\/04\/word-image-910-1-768x508.png 768w\" sizes=\"(max-width: 1024px) 100vw, 1024px\" \/><\/p>\n<p>Puis s\u00e9lectionner le disque sur lequel le Syst\u00e8me sera install\u00e9\u00a0:<\/p>\n<p><img loading=\"lazy\" decoding=\"async\" width=\"952\" height=\"704\" class=\"wp-image-912\" src=\"http:\/\/lcendamo.aristeecampus.org\/wp-content\/uploads\/2025\/04\/word-image-910-2.png\" srcset=\"http:\/\/lcendamo.aristeecampus.org\/wp-content\/uploads\/2025\/04\/word-image-910-2.png 952w, http:\/\/lcendamo.aristeecampus.org\/wp-content\/uploads\/2025\/04\/word-image-910-2-300x222.png 300w, http:\/\/lcendamo.aristeecampus.org\/wp-content\/uploads\/2025\/04\/word-image-910-2-768x568.png 768w\" sizes=\"(max-width: 952px) 100vw, 952px\" \/><\/p>\n<p>L\u2019installation se lance\u00a0:<\/p>\n<p><img loading=\"lazy\" decoding=\"async\" width=\"992\" height=\"717\" class=\"wp-image-913\" src=\"http:\/\/lcendamo.aristeecampus.org\/wp-content\/uploads\/2025\/04\/word-image-910-3.png\" srcset=\"http:\/\/lcendamo.aristeecampus.org\/wp-content\/uploads\/2025\/04\/word-image-910-3.png 992w, http:\/\/lcendamo.aristeecampus.org\/wp-content\/uploads\/2025\/04\/word-image-910-3-300x217.png 300w, http:\/\/lcendamo.aristeecampus.org\/wp-content\/uploads\/2025\/04\/word-image-910-3-768x555.png 768w\" sizes=\"(max-width: 992px) 100vw, 992px\" \/><\/p>\n<p>Apr\u00e8s avoir cr\u00e9er un compte d\u2019utilisateur, le syst\u00e8me se lance\u00a0:<\/p>\n<p><img loading=\"lazy\" decoding=\"async\" width=\"747\" height=\"744\" class=\"wp-image-914\" src=\"http:\/\/lcendamo.aristeecampus.org\/wp-content\/uploads\/2025\/04\/word-image-910-4.png\" srcset=\"http:\/\/lcendamo.aristeecampus.org\/wp-content\/uploads\/2025\/04\/word-image-910-4.png 747w, http:\/\/lcendamo.aristeecampus.org\/wp-content\/uploads\/2025\/04\/word-image-910-4-300x300.png 300w, http:\/\/lcendamo.aristeecampus.org\/wp-content\/uploads\/2025\/04\/word-image-910-4-150x150.png 150w\" sizes=\"(max-width: 747px) 100vw, 747px\" \/><\/p>\n","protected":false},"excerpt":{"rendered":"<p>Installation d\u2019une machine Windows 10 Pour installer une machine Windows 10, il faut tout d\u2019abord booter sur un CD ou une Cl\u00e9 usb contenant l\u2019image de Windows 10. Puis selectionner la langue que nous voulons\u00a0: Puis s\u00e9lectionner le disque sur lequel le Syst\u00e8me sera install\u00e9\u00a0: L\u2019installation se lance\u00a0: Apr\u00e8s avoir cr\u00e9er un compte d\u2019utilisateur, le [&hellip;]<\/p>\n","protected":false},"author":1,"featured_media":0,"parent":0,"menu_order":0,"comment_status":"closed","ping_status":"closed","template":"","meta":{"saved_in_kubio":false,"footnotes":""},"class_list":["post-910","page","type-page","status-publish","hentry"],"kubio_ai_page_context":{"short_desc":"","purpose":"general"},"_links":{"self":[{"href":"http:\/\/lcendamo.aristeecampus.org\/index.php\/wp-json\/wp\/v2\/pages\/910","targetHints":{"allow":["GET"]}}],"collection":[{"href":"http:\/\/lcendamo.aristeecampus.org\/index.php\/wp-json\/wp\/v2\/pages"}],"about":[{"href":"http:\/\/lcendamo.aristeecampus.org\/index.php\/wp-json\/wp\/v2\/types\/page"}],"author":[{"embeddable":true,"href":"http:\/\/lcendamo.aristeecampus.org\/index.php\/wp-json\/wp\/v2\/users\/1"}],"replies":[{"embeddable":true,"href":"http:\/\/lcendamo.aristeecampus.org\/index.php\/wp-json\/wp\/v2\/comments?post=910"}],"version-history":[{"count":1,"href":"http:\/\/lcendamo.aristeecampus.org\/index.php\/wp-json\/wp\/v2\/pages\/910\/revisions"}],"predecessor-version":[{"id":915,"href":"http:\/\/lcendamo.aristeecampus.org\/index.php\/wp-json\/wp\/v2\/pages\/910\/revisions\/915"}],"wp:attachment":[{"href":"http:\/\/lcendamo.aristeecampus.org\/index.php\/wp-json\/wp\/v2\/media?parent=910"}],"curies":[{"name":"wp","href":"https:\/\/api.w.org\/{rel}","templated":true}]}}